7 a prime number?
False
Is 6382081807 a composite number?
False
Is 7581565249 prime?
True
Is 2624284667 composite?
True
Is 564635273 a composite number?
True
Is 26262777527 a composite number?
True
Is 20250281981 a prime number?
True
Is 49948739173 composite?
True
Is 1142204059 a prime number?
False
Is 10514339047 a prime number?
False
Is 37491829927 a composite number?
False
Is 16066895017 a prime number?
True
Is 12438136481 a prime number?
True
Is 1518852227 composite?
True
Is 125339808043 prime?
False
Is 1504844221 prime?
True
Is 2638206691 a prime number?
False
Is 237325963841 a composite number?
True
Is 622962357 prime?
False
Is 3473895407 composite?
False
Is 2659886781 a prime number?
False
Is 41012490707 a composite number?
False
Is 59905368487 composite?
False
Is 7402950605 a composite number?
True
Is 372843127 composite?
False
Is 9581754433 a composite number?
False
Is 372002491 a prime number?
False
Is 148220087215 prime?
False
Is 3603501559 a composite number?
True
Is 10927181095 a composite number?
True
Is 15866768345 a composite number?
True
Is 4401755849 prime?
False
Is 563608091 prime?
True
Is 22133762741 a prime number?
False
Is 757732691 prime?
True
Is 2458169239 composite?
False
Is 56487813047 a prime number?
False
Is 3993030421 a prime number?
True
Is 7160909513 prime?
False
Is 74128129 a composite number?
False
Is 327393239 a composite number?
False
Is 44206371233 prime?
False
Is 12535210459 composite?
False
Is 90226843 a prime number?
False
Is 49963762813 a composite number?
True
Is 23631177433 prime?
False
Is 101313365653 a composite number?
False
Is 3360700529 composite?
False
Is 16118568049 a composite number?
False
Is 3126759203 a composite number?
True
Is 6345380991 prime?
False
Is 38771070461 prime?
False
Is 114164581 a prime number?
False
Is 149753100139 composite?
True
Is 49661134087 composite?
False
Is 2149654907 a composite number?
False
Is 6763319909 prime?
True
Is 789906413 a composite number?
False
Is 77414083429 composite?
True
Is 58814880533 composite?
False
Is 12755286329 prime?
False
Is 177052977803 a composite number?
True
Is 9769890743 prime?
False
Is 71227836793 prime?
True
Is 19901119507 a prime number?
False
Is 75804349307 composite?
True
Is 3787616003 composite?
False
Is 10613973991 prime?
False
Is 27938971 a composite number?
False
Is 4637858361 prime?
False
Is 37156644797 a composite number?
True
Is 2450849927 prime?
True
Is 15076058017 a prime number?
True
Is 589451635 a prime number?
False
Is 235924897 composite?
True
Is 796747801 composite?
True
Is 2209626593 composite?
True
Is 1977326039 prime?
False
Is 2205508381 prime?
False
Is 5548551803 a composite number?
False
Is 19019662801 a composite number?
False
Is 2091367763 prime?
False
Is 810938507 a prime number?
False
Is 247726793 a composite number?
False
Is 2670124019 a prime number?
True
Is 194101979 prime?
True
Is 7850851873 prime?
False
Is 47147271937 composite?
True
Is 678587951 prime?
False
Is 31005135353 a prime number?
False
Is 5087026759 a prime number?
False
Is 9022405841 a prime number?
True
Is 9266360549 prime?
False
Is 4352712566 prime?
False
Is 7651500067 composite?
False
Is 51468146098 a prime number?
False
Is 1139833417 prime?
False
Is 43228209721 a prime number?
False
Is 81893744573 prime?
True
Is 23353459007 prime?
False
Is 3103336177 a prime number?
False
Is 105358479383 prime?
True
Is 88162919 a composite number?
True
Is 34403004143 prime?
False
Is 86265379097 a prime number?
False
Is 916234483 prime?
True
Is 19937150071 a composite number?
True
Is 73271701259 composite?
False
Is 3466892789 a prime number?
True
Is 3625877639 a composite number?
True
Is 35988037471 a prime number?
False
Is 556403401 composite?
False
Is 18962779607 a composite number?
True
Is 107840306183 a composite number?
True
Is 1864254541 a composite number?
False
Is 214786981 a prime number?
True
Is 46194016397 a prime number?
True
Is 272919277 a composite number?
True
Is 139238926237 a composite number?
True
Is 2552066161 a prime number?
False
Is 2016958589 prime?
True
Is 13069243001 a prime number?
True
Is 9554709403 composite?
True
Is 6131015391 a composite number?
True
Is 3381972691 a composite number?
True
Is 4752523399 composite?
True
Is 10238158893 a prime number?
False
Is 8631774433 a prime number?
False
Is 31932015251 a prime number?
False
Is 7383504203 prime?
True
Is 1364892523 composite?
True
Is 274638853361 a composite number?
False
Is 91388487709 a composite number?
True
Is 755134021 prime?
True
Is 1635460763 composite?
True
Is 606959461 a composite number?
False
Is 1781476207 a prime number?
False
Is 48663216439 a prime number?
True
Is 890662709 a prime number?
True
Is 3710840701 a prime number?
False
Is 18678950845 a composite number?
True
Is 14846156431 composite?
True
Is 2893934371 a prime number?
False
Is 252771887 prime?
True
Is 3310338389 prime?
True
Is 140053240139 a composite number?
False
Is 930176441 a composite number?
False
Is 711415709 a prime number?
True
Is 63789726331 a composite number?
True
Is 7364630123 a prime number?
True
Is 60620749 a composite number?
True
Is 157855351 a composite number?
True
Is 253075287 composite?
True
Is 20844930385 prime?
False
Is 9313225429 composite?
True
Is 375547321 composite?
True
Is 377304169 a composite number?
True
Is 491128237 a prime number?
True
Is 463067291 a composite number?
False
Is 504880733 prime?
False
Is 7553723453 a composite number?
False
Is 111155830553 composite?
True
Is 719496793 prime?
False
Is 176574407 a prime number?
False
Is 1585373 prime?
True
Is 2108257667 composite?
True
Is 2353334561 a prime number?
True
Is 152849412883 prime?
False
Is 787152719 a composite number?
True
Is 1366627029 prime?
False
Is 1866198589 prime?
True
Is 487970807 prime?
False
Is 3287403799 a prime number?
True
Is 3543376783 a prime number?
True
Is 25750869077 a composite number?
True
Is 6484433099 composite?
False
Is 1936867403 a prime number?
False
Is 2982335273 composite?
True
Is 3039613463 a prime number?
True
Is 47246549429 prime?
False
Is 1386896083 a prime number?
False
Is 4629966517 a composite number?
True
Is 71988951523 a composite number?
False
Is 5288005937 a prime number?
True
Is 6529218869 a composite number?
True
Is 46097755001 a prime number?
True
Is 20734889653 composite?
True
Is 41301038243 a composite number?
True
Is 336729181 a composite number?
True
Is 8308616143 composite?
True
Is 8482359239 a composite number?
False
Is 537729163 a prime number?
True
Is 2387260009 a composite number?
False
Is 7198894237 a composite number?
False
Is 445767530573 a prime number?
True
Is 142289687 a composite number?
False
Is 2152389691 a composite number?
False
Is 96343720939 a prime number?
False
Is 754196341 prime?
True
Is 139917942023 a composite number?
True
Is 6613342739 composite?
False
Is 2569899509 composite?
False
Is 208865141 prime?
True
Is 7329303203 prime?
True
Is 6726595189 a composite number?
False
Is 4528860647 prime?
True
Is 3722639627 a prime number?
False
Is 3465569797 composite?
False
Is 222289271387 composite?
True
Is 2285592937 a composite number?
False
Is 2287612037 prime?
False
Is 24902931227 a prime number?
False
Is 168422171 a composite number?
True
Is 61752828407 composite?
False
Is 29236669391 a prime number?
False
Is 899471227 prime?
False
Is 267511991 a prime number?
False
Is 3839622799 composite?
True
Is 3243549037 a composite number?
False
Is 821904289 prime?
True
Is 4862889247 a composite number?
True
Is 243201289 composite?
True
Is 1206142559 prime?
False
Is 704253691 composite?
True
Is 35971436143 a composite number?
False
Is 5233619911 a prime number?
False
Is 6943467847 composite?
False
Is 352562143 a composite number?
False
Is 11841732533 a prime number?
False
Is 78070328501 a prime number?
False
Is 8508870203 a composite number?
False
Is 202459757 a prime number?
False
Is 5092752751 prime?
False
Is 162529657 prime?
False
Is 39159403697 prime?
True
Is 13322905423 a prime number?
False
Is 16136805361 a prime number?
False
Is 79864133 prime?
False
Is 6202416513 a composite number?
True
Is 29446927097 prime?
False
Is 43749085463 a composite number?
False
Is 64130519497 a prime number?
False
Is 72949571 a prime number?
False
Is 81747374063 a prime numbe